t is the remainder when 54110 is divided by 89?
87
What is the remainder when 1742 is divided by 550?
92
Calculate the remainder when 95924 is divided by 31936.
116
What is the remainder when 251728 is divided by 26?
22
What is the remainder when 20782 is divided by 378?
370
Calculate the remainder when 7104 is divided by 3540.
24
Calculate the remainder when 1206 is divided by 163.
65
Calculate the remainder when 3444 is divided by 599.
449
Calculate the remainder when 165677 is divided by 190.
187
What is the remainder when 20890 is divided by 101?
84
What is the remainder when 699640 is divided by 54?
16
Calculate the remainder when 2083 is divided by 349.
338
What is the remainder when 11243 is divided by 225?
218
Calculate the remainder when 71805 is divided by 48.
45
What is the remainder when 271223 is divided by 140?
43
What is the remainder when 192377 is divided by 2375?
2
What is the remainder when 23045 is divided by 502?
455
What is the remainder when 1929808 is divided by 30?
28
Calculate the remainder when 471205 is divided by 393.
391
What is the remainder when 843976 is divided by 76?
72
Calculate the remainder when 26942 is divided by 55.
47
What is the remainder when 300963 is divided by 100318?
9
What is the remainder when 9503 is divided by 2275?
403
Calculate the remainder when 38276 is divided by 2242.
162
Calculate the remainder when 32282 is divided by 211.
210
What is the remainder when 70819 is divided by 52?
47
Calculate the remainder when 2125 is divided by 690.
55
What is the remainder when 11480 is divided by 402?
224
What is the remainder when 22570 is divided by 2619?
1618
What is the remainder when 313283 is divided by 704?
3
Calculate the remainder when 1080 is divided by 379.
322
What is the remainder when 9183 is divided by 26?
5
What is the remainder when 2004 is divided by 125?
4
Calculate the remainder when 42845 is divided by 73.
67
What is the remainder when 174147 is divided by 394?
393
What is the remainder when 3410 is divided by 481?
43
Calculate the remainder when 105785 is divided by 81.
80
What is the remainder when 1748 is divided by 231?
131
Calculate the remainder when 218039 is divided by 40.
39
What is the remainder when 8993 is divided by 52?
49
What is the remainder when 772 is divided by 359?
54
Calculate the remainder when 6061 is divided by 144.
13
What is the remainder when 61817 is divided by 15447?
29
Calculate the remainder when 2570036 is divided by 11.
7
What is the remainder when 12099 is divided by 5?
4
What is the remainder when 63630 is divided by 15904?
14
Calculate the remainder when 29603 is divided by 113.
110
Calculate the remainder when 5535 is divided by 780.
75
What is the remainder when 57097 is divided by 30?
7
Calculate the remainder when 10238 is divided by 465.
8
Calculate the remainder when 185169 is divided by 70.
19
What is the remainder when 36365 is divided by 209?
208
Calculate the remainder when 160006 is divided by 303.
22
What is the remainder when 8692 is divided by 1097?
1013
Calculate the remainder when 812201 is divided by 6.
5
What is the remainder when 242109 is divided by 300?
9
What is the remainder when 475772 is divided by 3806?
22
What is the remainder when 9129 is divided by 84?
57
What is the remainder when 104278 is divided by 485?
3
What is the remainder when 1002340 is divided by 196?
192
Calculate the remainder when 9104 is divided by 253.
249
What is the remainder when 98543 is divided by 67?
53
What is the remainder when 5690 is divided by 100?
90
Calculate the remainder when 54189 is divided by 968.
949
Calculate the remainder when 2549 is divided by 284.
277
Calculate the remainder when 9553 is divided by 863.
60
Calculate the remainder when 154006 is divided by 174.
16
Calculate the remainder when 3165 is divided by 957.
294
Calculate the remainder when 20128 is divided by 43.
4
Calculate the remainder when 678 is divided by 650.
28
What is the remainder when 1383 is divided by 1365?
18
What is the remainder when 40970 is divided by 105?
20
What is the remainder when 138047 is divided by 127?
125
Calculate the remainder when 4360 is divided by 1445.
25
What is the remainder when 1259 is divided by 466?
327
Calculate the remainder when 614 is divided by 139.
58
What is the remainder when 5508 is divided by 883?
210
What is the remainder when 2325 is divided by 59?
24
What is the remainder when 287401 is divided by 143698?
5
Calculate the remainder when 5389 is divided by 339.
304
What is the remainder when 20159 is divided by 4012?
99
What is the remainder when 9722 is divided by 24?
2
Calculate the remainder when 57103 is divided by 8157.
4
What is the remainder when 2629 is divided by 221?
198
Calculate the remainder when 13730 is divided by 18.
14
What is the remainder when 205 is divided by 63?
16
What is the remainder when 6548 is divided by 117?
113
What is the remainder when 450 is divided by 210?
30
Calculate the remainder when 5788 is divided by 719.
36
Calculate the remainder when 391 is divided by 81.
67
What is the remainder when 31671 is divided by 15831?
9
What is the remainder when 75599 is divided by 70?
69
Calculate the remainder when 12864 is divided by 1282.
44
What is the remainder when 9468 is divided by 1157?
212
What is the remainder when 29809 is divided by 3682?
353
What is the remainder when 2703 is divided by 389?
369
Calculate the remainder when 55007 is divided by 4583.
11
What is the remainder when 2361 is divided by 124?
5
What is the remainder when 497442 is divided by 39?
36
Calculate the remainder when 53615 is divided by 301.
37
Calculate the remainder when 1260915 is divided by 6.
3
Calculate the remainder when 10336 is divided by 543.
19
What is the remainder when 80257 is divided by 944?
17
What is the remainder when 11149 is divided by 82?
79
What is the remainder when 1586 is divided by 207?
137
What is the remainder when 3635 is divided by 82?
27
Calculate the remainder when 4444 is divided by 447.
421
What is the remainder when 254759 is divided by 127352?
55
Calculate the remainder when 231 is divided by 98.
35
Calculate the remainder when 65348 is divided by 179.
13
What is the remainder when 38301 is divided by 191?
101
What is the remainder when 38586 is divided by 155?
146
Calculate the remainder when 446875 is divided by 399.
394
What is the remainder when 745148 is divided by 136?
4
Calculate the remainder when 500 is divided by 96.
20
What is the remainder when 1338470 is divided by 95?
15
What is the remainder when 96287 is divided by 17?
16
Calculate the remainder when 394126 is divided by 111.
76
Calculate the remainder when 3070 is divided by 614.
0
Calculate the remainder when 1410 is divided by 495.
420
What is the remainder when 3356 is divided by 278?
20
Calculate the remainder when 1354 is divided by 75.
4
Calculate the remainder when 2797 is divided by 2755.
42
Calculate the remainder when 236437 is divided by 420.
397
Calculate the remainder when 604 is divided by 81.
37
What is the remainder when 12274 is divided by 138?
130
Calculate the remainder when 19443 is divided by 972.
3
What is the remainder when 191984 is divided by 2?
0
Calculate the remainder when 2823 is divided by 207.
132
Calculate the remainder when 130409 is divided by 309.
11
What is the remainder when 43168 is divided by 429?
268
Calculate the remainder when 3382 is divided by 893.
703
Calculate the remainder when 188699 is divided by 953.
5
What is the remainder when 99890 is divided by 768?
50
Calculate the remainder when 9723 is divided by 653.
581
What is the remainder when 277552 is divided by 197?
176
What is the remainder when 6503 is divided by 810?
23
What is the remainder when 235727 is divided by 3320?
7
Calculate the remainder when 12187 is divided by 2029.
13
What is the remainder when 360 is divided by 198?
162
Calculate the remainder when 76019 is divided by 33.
20
What is the remainder when 213836 is divided by 810?
806
Calculate the remainder when 1340752 is divided by 619.
617
Calculate the remainder when 163699 is divided by 54566.
1
Calculate the remainder when 18404 is divided by 84.
8
Calculate the remainder when 14731 is divided by 29.
28
Calculate the remainder when 235 is d